?
7
Let y = -18 - -25. Let g(m) = -m**3 + 0*m**3 + y*m - 2*m + 8*m**2 + 7. What is the tens digit of g(6)?
0
Let b(t) = 201*t**3 - t. Let c be b(1). Let h = 2873 - 2623. Suppose 180 = 2*m - 5*u, 0 = -5*m + 3*u + h + c. What is the units digit of m?
0
Let n(c) = -2*c**3 - 3*c**2 + 3*c - 5. Let b(o) = -6*o**3 - 9*o**2 + 10*o - 15. Let p(t) = -2*b(t) + 7*n(t). Let g = 70 - 74. What is the tens digit of p(g)?
7
Suppose 2115004 = 9*s + 16*s + 697704. What is the ten thousands digit of s?
5
What is the units digit of ((-78)/6 - -6) + 19986?
9
Suppose 24*n - 26*n + 8 = 0. Suppose 3*s + n*c - 1713 = 3*c, -c = s - 569. What is the hundreds digit of s?
5
Let o(s) = -293*s + 1470. What is the thousands digit of o(-4)?
2
Suppose f - 797 = -3*k - 105, 1168 = 5*k - 2*f. Let c = k + 495. What is the tens digit of c?
2
Let l = 2582 - 2315. What is the hundreds digit of l?
2
Let y(i) = 118*i**3 + i**2 + 2*i. Suppose -1 - 72 = -s - 3*x, -355 = -5*s - 5*x. Let f = 71 - s. What is the units digit of y(f)?
1
Let l be 2/(-8)*(-8 + (-20)/(-5)). Let k(f) = 796*f + 7. What is the hundreds digit of k(l)?
8
Suppose 12*q + 156 = -q. What is the hundreds digit of q/(-2)*(-6878)/(-57)?
7
Let r(d) = -d - 13 - 3 + 25. What is the tens digit of r(-8)?
1
Suppose 0 = 2*f - 0*f + 2*p, 4*p = -3*f - 2. Suppose 2*j = 5*k + 3*j - 650, -3*k + 390 = f*j. Suppose 0 = 7*d - 12*d + k. What is the units digit of d?
6
Suppose 7258 = 2*p + 5*u, 0 = 47*p - 51*p - 2*u + 14516. What is the tens digit of p?
2
What is the units digit of (25562/6)/((-18)/(-1620)*10)?
3
Let n = -17672 - -35609. What is the ten thousands digit of n?
1
Let t(u) = u**3 + 12*u**2 + 12*u + 9. Let g be t(-11). Let i(r) = -16*r - 13. Let y be i(g). Suppose -20*x + y*x = -241. What is the units digit of x?
1
Let v = -162 + 291. Suppose 0 = 19*t - 16*t - v. What is the units digit of t/(12 + -12 - 1/(-2))?
6
Let b be -10 + (75/(-5))/(-1). Let y be 0/(2/1) - 0. Suppose -b*u = -y*u - 815. What is the hundreds digit of u?
1
Suppose -3*a = 4*f + 61, 3*f - 36 = 3*a - 87. Let t be 1 + -4 + (f - -22). Suppose 112 = t*z + 2*i, z + 4*z = 5*i + 195. What is the tens digit of z?
3
Suppose -2065 = -19*f + 14*f. Let n = f + -266. What is the tens digit of n?
4
Let x(y) = 70*y**2 + 38*y - 46. What is the units digit of x(22)?
0
Suppose -35 = -v + 5*w, 34 = v - 0*w - 4*w. Suppose v*a = 25*a + 1095. What is the hundreds digit of a?
2
Suppose l = -v + 18462, 26562 = 4*v + l - 47274. What is the hundreds digit of v?
4
Let r be 3*1/(-3) - (-1 + -36). Let a = 137 - r. Let z = a + -21. What is the units digit of z?
0
Let c be ((-20)/25 - (-104792)/(-10))/(-1). What is the tens digit of (c/10 - -3)/1?
5
Let b(z) = 118*z - 2 + 11 - 1. What is the tens digit of b(3)?
6
Let v = -971 + 503. Let u = 714 + v. What is the hundreds digit of u?
2
Let d(c) = -2*c - 2. Let n(b) = -15*b - 158. Let r(a) = -3*d(a) - n(a). What is the hundreds digit of r(37)?
9
Suppose -3*o = -4*d - 28657, -19106 = -0*o - 2*o + 2*d. Suppose 99*f - 94*f = o. What is the tens digit of f?
1
Suppose -44*r = -47*r + 4269. Suppose 3*m - r = -364. What is the tens digit of m?
5
Let r = -43 + 43. Suppose 20*q - 23*q + 3 = r. What is the units digit of q/(-1*4/(-44))?
1
Let c = 17260 - -11956. What is the tens digit of c?
1
Let v = -64953 - -107785. What is the ten thousands digit of v?
4
Suppose 94 = -4*z + 266. Let d be (2 + 6)*-6*z/(-2). Suppose 0*j - d = -6*j. What is the hundreds digit of j?
1
Suppose 0 = 3*f - 4*r + 360, 0*r - 112 = f - 4*r. Let j = f - -127. Suppose -y + 4*z = -4*y + 332, -j*y - 2*z + 328 = 0. What is the tens digit of y?
0
What is the units digit of (-1)/(11 + 224745/(-20430))?
2
Suppose -2*q - 4*j + 26 = 0, 5*q + 4*j - 53 = 18. Let l be ((-357)/q)/((-3)/15). Suppose 10*u - 1309 = -l. What is the tens digit of u?
1
Suppose 4*g - 2*p + 8 = 3*g, 5*g - 2*p = -32. Suppose 0 = -4*l + o + 2269, -l - 3*o = 2*o - 583. What is the tens digit of (-4)/g - l/(-12)?
4
Let a(k) = 1098*k + 2528. What is the ten thousands digit of a(19)?
2
Let r be 1015/(-58)*(-32)/10. Suppose -r*b - 1745 + 15017 = 0. What is the hundreds digit of b?
2
Let d be 10/(-25) - (0 - 73/(-5)). Suppose -v = 5*t - 14, v - 8 = -2*t - t. What is the units digit of t/(0 + d/(-25))?
5
What is the tens digit of (-40149)/(-45)*20*(-3)/(-36)?
8
Let s(y) = -2*y**2 - 17*y + 11. Let l be s(-9). Suppose -f = 2*d - 40, -2 - 2 = -l*f. Suppose 0 = 7*p - d*p + 2580. What is the units digit of p?
5
Let z(v) = -112 + 27 - 4*v + 23 + 28. Let q(x) = -13*x - 103. Let m(w) = 3*q(w) - 8*z(w). What is the units digit of m(-11)?
0
Suppose 2*q + q = 27. Suppose 0 = 4*i + 5*x - 3, 2*i - 3*x - q = -i. What is the units digit of i/11 - 1142/(-11)?
4
Suppose 0*r - r = v - 8, r = -2*v + 16. What is the units digit of (-7)/(-4 - 2/(v/(-14)))?
4
Let n(v) = -v**3 - 70*v**2 + 132*v - 703. Let g be n(-72). Let w = -5 + -63. Let b = g + w. What is the units digit of b?
3
What is the units digit of (-166)/664 + 33065/4?
6
Let u = -2170 + 3944. What is the hundreds digit of u?
7
Let w be (-2 - 1) + 5 + -3. Let r be (1/w + -4)/((-1)/11). Suppose 51*o + 160 = r*o. What is the units digit of o?
0
Suppose 0 = -20*h + 133222 + 17098. What is the tens digit of h?
1
Suppose v - 39634 - 5313 = 3*z, -v - 2*z = -44972. What is the ten thousands digit of v?
4
Let f(c) = -10*c**2 + 4*c - 17. Let s(r) = 11*r**2 - 3*r + 17. Let w(a) = -6*f(a) - 5*s(a). Let l = 21 + -16. What is the units digit of w(l)?
7
Let t(k) = k**3 + 35*k**2 - 34*k + 43. What is the tens digit of t(-29)?
7
Let s(t) = t**3 + 10*t**2 - 31*t - 5. Let n be s(-13). Let m = 112 + n. Suppose 5*y + m*q = -0*q + 1301, y - 269 = -5*q. What is the tens digit of y?
5
Let l = -71 + 75. Suppose l*q + 8 = 28. Suppose -t = q*m - 2, -2*t - 3*m + 42 = t. What is the units digit of t?
7
Suppose 0 = -v - 2*h - 2, -5*v - 3*h = -1 + 32. What is the tens digit of 18/3 - 968/v?
2
Suppose 15*k - 5303 = 5767. Let j = 1837 - k. What is the tens digit of j?
9
Let f(s) = s**3 + 20*s**2 - s - 128. Suppose 5*x + 5*q = -50, -4*q - 4 = -20. What is the tens digit of f(x)?
6
Suppose -b - 4*b + 25788 = 2*i, 0 = -4*b - 5*i + 20644. What is the hundreds digit of (8/(-8))/(b/(-1718) + 3)?
8
Let w(j) = -j**3 + 8*j**2 - 4. Let i be w(8). Let s be (7/28)/(1/i) - -6. Suppose s*t + 98 - 298 = 0. What is the tens digit of t?
4
Suppose -390*d + 523020 = -330*d. What is the tens digit of d?
1
Let p = 128 - 97. Suppose y - 4*y = -90. Suppose -p*i + y*i = -17. What is the units digit of i?
7
Let r = 1187 - 499. What is the units digit of r?
8
Let b = 3137 + -1587. Suppose x = -279 + b. What is the thousands digit of x?
1
Let s(k) = -21*k**3 - 4*k**2 - 196*k - 991. What is the tens digit of s(-5)?
1
Suppose -12*j - 3*k = -16*j + 4843, -2*k - 10 = 0. Let c = -817 + j. What is the hundreds digit of c?
3
Let v(u) = 5177*u**2 + 3*u - 9. What is the thousands digit of v(-1)?
5
Let s(k) = 43*k - 25. Let p(d) = 86*d - 51. Let t(y) = 2*p(y) - 5*s(y). Let f be t(-10). Suppose -f = -7*z + 4*z. What is the units digit of z?
1
Suppose 166161 = 6*c + 7*c - 285979. What is the hundreds digit of c?
7
Let p(x) = 13*x**2 - 9*x - 8. Suppose -83*w = -72*w - 88. What is the tens digit of p(w)?
5
Suppose 966 + 1222 = 2*t. Suppose 1095*o - 498 = t*o. What is the tens digit of o?
9
Let y(v) = -472*v + 2732. What is the thousands digit of y(-52)?
7
Suppose 0 = -2*c + 22 - 24. Let l be (c + 6)/((-2)/(-8)). Suppose -l*s - 270 = -23*s. What is the units digit of s?
0
Suppose w + 5*q - 6442 = 0, 4*w - 28679 = -4*q - 2943. What is the thousands digit of w?
6
Let u = 187 - -33. Let n = u + 583. What is the units digit of n?
3
Let d(s) = 26*s**2 + 3*s + 50. Let m be d(-6). Let w = m + -222. What is the tens digit of w?
4
Suppose 5*y - 42214 + 8943 = 4*i, 5*y - 33277 = -2*i. What is the thousands digit of y?
6
Suppose 56*p + 45 = 51*p. What is the units digit of 2/p - (6 + 20796/(-27))?
4
Let p(f) = -3 + 9*f**2 - 278*f + 239*f + 7. What is the tens digit of p(5)?
3
Suppose -26*m - 338285 = -5*c - 23*m, 5*c = -3*m + 338285. What is the thousands digit of c?
7
Let p = -323 + 592. Let q = p + 460. What is the hundreds digit of q?
7
Suppose y + 2*l + 3*l = 171, -4*y + 612 = -4*l. Suppose y = c - 9. Suppose 0 = o - 4*o + c. What is the units digit of o?
5
Let 